{"id":1261,"date":"2016-02-04T00:11:55","date_gmt":"2016-02-03T23:11:55","guid":{"rendered":"http:\/\/www.schweiz-albanien.ch\/\/sq\/verein\/"},"modified":"2018-03-23T00:01:36","modified_gmt":"2018-03-22T23:01:36","slug":"verein","status":"publish","type":"page","link":"https:\/\/www.schweiz-albanien.ch\/sq\/verein\/","title":{"rendered":"Verein"},"content":{"rendered":"<p><img loading=\"lazy\" decoding=\"async\" class=\"alignright size-medium wp-image-23\" src=\"https:\/\/www.schweiz-albanien.ch\/wp-content\/uploads\/2016\/02\/FahnenCHAL_hoch-268x300.jpg\" alt=\"Flaggen Schweiz &amp; Albanien hoch\" width=\"268\" height=\"300\" srcset=\"https:\/\/www.schweiz-albanien.ch\/wp-content\/uploads\/2016\/02\/FahnenCHAL_hoch-268x300.jpg 268w, https:\/\/www.schweiz-albanien.ch\/wp-content\/uploads\/2016\/02\/FahnenCHAL_hoch-768x859.jpg 768w, https:\/\/www.schweiz-albanien.ch\/wp-content\/uploads\/2016\/02\/FahnenCHAL_hoch-915x1024.jpg 915w, https:\/\/www.schweiz-albanien.ch\/wp-content\/uploads\/2016\/02\/FahnenCHAL_hoch.jpg 1000w\" sizes=\"auto, (max-width: 268px) 100vw, 268px\" \/>Die &#8220;Gesellschaft Schweiz &#8211; Albanien&#8221; wurde im Dezember 2007 gegr\u00fcndet, um sich f\u00fcr die F\u00f6rderung der wirtschaftlichen, kulturellen und gesellschaftlichen Zusammenarbeit zwischen der Schweiz und Albanien einzusetzen.<\/p>\n<p><a href=\"https:\/\/www.schweiz-albanien.ch\/sq\/qellimet\/\"><i class=\"wp-svg-arrow-right-2 arrow-right-2\"><\/i> Ziele<\/a><\/p>\n<p>Der gemeinn\u00fctzige Verein verh\u00e4lt sich parteipolitisch und konfessionell neutral.<\/p>\n<h3>Rechtsform<\/h3>\n<p>Die &#8220;Gesellschaft Schweiz &#8211; Albanien&#8221; ist ein Verein auf unbeschr\u00e4nkte Dauer nach Schweizer Recht mit Sitz in Z\u00fcrich.<\/p>\n<h3>Mitgliedschaft<\/h3>\n<p>Alle Personen, die die Ziele des Vereins vorbehaltlos und aktiv unterst\u00fctzen, sind herzlich als Mitglieder willkommen.<\/p>\n<p>Der Jahresbeitrag betr\u00e4gt CHF 75.\u2013 (inkl. Abonnement der &#8220;Albanischen Hefte&#8221;)<\/p>\n<p>Wer Mitglied werden will, anerkennt die <a href=\"https:\/\/www.schweiz-albanien.ch\/sq\/verein\/statuten\/\"><i class=\"wp-svg-arrow-right-2 arrow-right-2\"><\/i> Statuten<\/a> und richtet ein <a href=\"https:\/\/www.schweiz-albanien.ch\/sq\/verein\/kerkese-per-anetaresi\/\"><i class=\"wp-svg-arrow-right-2 arrow-right-2\"><\/i> Beitrittsbegehren<\/a> an den Verein.<\/p>\n<p>\u00dcber die Aufnahme entscheidet der Vorstand abschliessend.<\/p>\n","protected":false},"excerpt":{"rendered":"<p>Die &#8220;Gesellschaft Schweiz &#8211; Albanien&#8221; wurde im Dezember 2007 gegr\u00fcndet, um sich f\u00fcr die F\u00f6rderung der wirtschaftlichen, kulturellen und gesellschaftlichen Zusammenarbeit zwischen der Schweiz und Albanien einzusetzen. Ziele Der gemeinn\u00fctzige Verein verh\u00e4lt sich parteipolitisch und [&hellip;]<\/p>\n","protected":false},"author":1,"featured_media":0,"parent":0,"menu_order":0,"comment_status":"closed","ping_status":"closed","template":"","meta":{"jetpack_post_was_ever_published":false,"footnotes":"","_links_to":"","_links_to_target":""},"categories":[226],"tags":[234],"class_list":["post-1261","page","type-page","status-publish","hentry","category-shoqata-sq","tag-shoqata-sq"],"jetpack_sharing_enabled":true,"jetpack_shortlink":"https:\/\/wp.me\/P7cvp4-kl","_links":{"self":[{"href":"https:\/\/www.schweiz-albanien.ch\/sq\/wp-json\/wp\/v2\/pages\/1261\/"}],"collection":[{"href":"https:\/\/www.schweiz-albanien.ch\/sq\/wp-json\/wp\/v2\/pages\/"}],"about":[{"href":"https:\/\/www.schweiz-albanien.ch\/sq\/wp-json\/wp\/v2\/types\/page\/"}],"author":[{"embeddable":true,"href":"https:\/\/www.schweiz-albanien.ch\/sq\/wp-json\/wp\/v2\/users\/1\/"}],"replies":[{"embeddable":true,"href":"https:\/\/www.schweiz-albanien.ch\/sq\/wp-json\/wp\/v2\/comments\/?post=1261"}],"version-history":[{"count":6,"href":"https:\/\/www.schweiz-albanien.ch\/sq\/wp-json\/wp\/v2\/pages\/1261\/revisions\/"}],"predecessor-version":[{"id":3079,"href":"https:\/\/www.schweiz-albanien.ch\/sq\/wp-json\/wp\/v2\/pages\/1261\/revisions\/3079\/"}],"wp:attachment":[{"href":"https:\/\/www.schweiz-albanien.ch\/sq\/wp-json\/wp\/v2\/media\/?parent=1261"}],"wp:term":[{"taxonomy":"category","embeddable":true,"href":"https:\/\/www.schweiz-albanien.ch\/sq\/wp-json\/wp\/v2\/categories\/?post=1261"},{"taxonomy":"post_tag","embeddable":true,"href":"https:\/\/www.schweiz-albanien.ch\/sq\/wp-json\/wp\/v2\/tags\/?post=1261"}],"curies":[{"name":"wp","href":"https:\/\/api.w.org\/{rel}","templated":true}]}}

<p><img loading="lazy" decoding="async" class="alignright size-medium wp-image-23" src="https://www.schweiz-albanien.ch/wp-content/uploads/2016/02/FahnenCHAL_hoch-268x300.jpg" alt="Flaggen Schweiz &amp; Albanien hoch" width="268" height="300" srcset="https://www.schweiz-albanien.ch/wp-content/uploads/2016/02/FahnenCHAL_hoch-268x300.jpg 268w, https://www.schweiz-albanien.ch/wp-content/uploads/2016/02/FahnenCHAL_hoch-768x859.jpg 768w, https://www.schweiz-albanien.ch/wp-content/uploads/2016/02/FahnenCHAL_hoch-915x1024.jpg 915w, https://www.schweiz-albanien.ch/wp-content/uploads/2016/02/FahnenCHAL_hoch.jpg 1000w" sizes="auto, (max-width: 268px) 100vw, 268px" />Die &#8220;Gesellschaft Schweiz &#8211; Albanien&#8221; wurde im Dezember 2007 gegründet, um sich für die Förderung der wirtschaftlichen, kulturellen und gesellschaftlichen Zusammenarbeit zwischen der Schweiz und Albanien einzusetzen.</p>
<p><a href="https://www.schweiz-albanien.ch/sq/qellimet/"><i class="wp-svg-arrow-right-2 arrow-right-2"></i> Ziele</a></p>
<p>Der gemeinnützige Verein verhält sich parteipolitisch und konfessionell neutral.</p>
<h3>Rechtsform</h3>
<p>Die &#8220;Gesellschaft Schweiz &#8211; Albanien&#8221; ist ein Verein auf unbeschränkte Dauer nach Schweizer Recht mit Sitz in Zürich.</p>
<h3>Mitgliedschaft</h3>
<p>Alle Personen, die die Ziele des Vereins vorbehaltlos und aktiv unterstützen, sind herzlich als Mitglieder willkommen.</p>
<p>Der Jahresbeitrag beträgt CHF 75.– (inkl. Abonnement der &#8220;Albanischen Hefte&#8221;)</p>
<p>Wer Mitglied werden will, anerkennt die <a href="https://www.schweiz-albanien.ch/sq/verein/statuten/"><i class="wp-svg-arrow-right-2 arrow-right-2"></i> Statuten</a> und richtet ein <a href="https://www.schweiz-albanien.ch/sq/verein/kerkese-per-anetaresi/"><i class="wp-svg-arrow-right-2 arrow-right-2"></i> Beitrittsbegehren</a> an den Verein.</p>
<p>Über die Aufnahme entscheidet der Vorstand abschliessend.</p>

<p>Die &#8220;Gesellschaft Schweiz &#8211; Albanien&#8221; wurde im Dezember 2007 gegründet, um sich für die Förderung der wirtschaftlichen, kulturellen und gesellschaftlichen Zusammenarbeit zwischen der Schweiz und Albanien einzusetzen. Ziele Der gemeinnützige Verein verhält sich parteipolitisch und [&hellip;]</p>
